{"id":6,"date":"2015-06-06T07:43:03","date_gmt":"2015-06-06T07:43:03","guid":{"rendered":"http:\/\/www.dentiste-belotti.ch\/?page_id=6"},"modified":"2025-12-04T08:47:35","modified_gmt":"2025-12-04T08:47:35","slug":"front-page","status":"publish","type":"page","link":"https:\/\/www.dentiste-belotti.ch\/","title":{"rendered":"Front page"},"content":{"rendered":"<p><section id=\"section_1\" class=\"fw-main-row scrollspy \"\n\t\tdata-wow-delay=\"0\"\t>\n\n\t<div class=\"container-fluid \">\n\t\t<div class=\"fw-row\">\n\t<div class=\"fw-col-xs-12 \" data-wow-delay=\"0\">\n\t\n\n\t<section class=\"hero-slider\"\n\t         data-transition=\"horizontal\"\n\t         data-speed=\"7\">\n\n\t\t\t\t<div>\n\n\t\t\t<!-- Slide Text -->\n\t\t\t<div class=\"container pos-left overlay-show\">\n\t\t\t\t<h1><\/h1>\n\t\t\t\t<div>Cabinet dentaire<br \/>\r\nYuri Belotti<\/div>\n\n\t\t\t\t\t\t\t\t\t<div class=\"button-row\"><a href=\"http:\/\/www.dentiste-belotti.ch\/#plan\">\n\t\t\t\t\t\tlocaliser\t\t\t\t\t<\/a><\/div>\n\t\t\t\t\t\t\t<\/div>\n\n\t\t\t<div class=\"shadow\"><\/div>\n\n\t\t\t<!-- Image -->\n\t\t\t\t\t\t<div class=\"image\"\n\t\t\t     style=\"background-image: url('https:\/\/www.dentiste-belotti.ch\/wp-content\/uploads\/2015\/06\/slider-740x370.jpg');\n\t\t\t\t        height: 370px\">\n\t\t\t<\/div>\n\n\t\t<\/div>\n\t\t\t\t<div>\n\n\t\t\t<!-- Slide Text -->\n\t\t\t<div class=\"container pos-left overlay-show\">\n\t\t\t\t<h1><\/h1>\n\t\t\t\t<div>\u00e0 Morges<br \/>\r\nproche de la gare<\/div>\n\n\t\t\t\t\t\t\t<\/div>\n\n\t\t\t<div class=\"shadow\"><\/div>\n\n\t\t\t<!-- Image -->\n\t\t\t\t\t\t<div class=\"image\"\n\t\t\t     style=\"background-image: url('https:\/\/www.dentiste-belotti.ch\/wp-content\/uploads\/2015\/07\/services-1-586x370.jpg');\n\t\t\t\t        height: 370px\">\n\t\t\t<\/div>\n\n\t\t<\/div>\n\t\t\t\t<div>\n\n\t\t\t<!-- Slide Text -->\n\t\t\t<div class=\"container pos-left overlay-show\">\n\t\t\t\t<h1><\/h1>\n\t\t\t\t<div>un cabinet <br \/>\r\nde proximit\u00e9<\/div>\n\n\t\t\t\t\t\t\t<\/div>\n\n\t\t\t<div class=\"shadow\"><\/div>\n\n\t\t\t<!-- Image -->\n\t\t\t\t\t\t<div class=\"image\"\n\t\t\t     style=\"background-image: url('https:\/\/www.dentiste-belotti.ch\/wp-content\/uploads\/2020\/10\/home_1_1_1-1803x370.jpg');\n\t\t\t\t        height: 370px\">\n\t\t\t<\/div>\n\n\t\t<\/div>\n\t\t\t\t<div>\n\n\t\t\t<!-- Slide Text -->\n\t\t\t<div class=\"container pos-left overlay-show\">\n\t\t\t\t<h1><\/h1>\n\t\t\t\t<div>des soins de qualit\u00e9<\/div>\n\n\t\t\t\t\t\t\t<\/div>\n\n\t\t\t<div class=\"shadow\"><\/div>\n\n\t\t\t<!-- Image -->\n\t\t\t\t\t\t<div class=\"image\"\n\t\t\t     style=\"background-image: url('https:\/\/www.dentiste-belotti.ch\/wp-content\/uploads\/2020\/10\/home_1_1_2-1803x370.jpg');\n\t\t\t\t        height: 370px\">\n\t\t\t<\/div>\n\n\t\t<\/div>\n\t\t\t\t<div>\n\n\t\t\t<!-- Slide Text -->\n\t\t\t<div class=\"container pos-left overlay-show\">\n\t\t\t\t<h1><\/h1>\n\t\t\t\t<div>trois places de parc <br \/>\r\n\u00e0 disposition<\/div>\n\n\t\t\t\t\t\t\t<\/div>\n\n\t\t\t<div class=\"shadow\"><\/div>\n\n\t\t\t<!-- Image -->\n\t\t\t\t\t\t<div class=\"image\"\n\t\t\t     style=\"background-image: url('https:\/\/www.dentiste-belotti.ch\/wp-content\/uploads\/2020\/10\/slider2-1600x500-1-1184x370.jpg');\n\t\t\t\t        height: 370px\">\n\t\t\t<\/div>\n\n\t\t<\/div>\n\t\t\t\t<div>\n\n\t\t\t<!-- Slide Text -->\n\t\t\t<div class=\"container pos-left overlay-show\">\n\t\t\t\t<h1><\/h1>\n\t\t\t\t<div>\u00e0 votre \u00e9coute<\/div>\n\n\t\t\t\t\t\t\t<\/div>\n\n\t\t\t<div class=\"shadow\"><\/div>\n\n\t\t\t<!-- Image -->\n\t\t\t\t\t\t<div class=\"image\"\n\t\t\t     style=\"background-image: url('https:\/\/www.dentiste-belotti.ch\/wp-content\/uploads\/2020\/10\/slider1-1600x500-1-1184x370.jpg');\n\t\t\t\t        height: 370px\">\n\t\t\t<\/div>\n\n\t\t<\/div>\n\t\t\n\t<\/section>\n\n<\/div>\n<\/div>\n\n\t<\/div>\n\n<\/section><section id=\"presentations\" class=\"fw-main-row scrollspy custom-padding\"\n\tstyle=\"background-color:#f7f7f7;padding:100px 0;\"\tdata-wow-delay=\"0\"\t>\n\n\t<div class=\"container \">\n\t\t<div class=\"fw-row\">\n\t<div class=\"fw-col-xs-12 fw-col-sm-6 wow fadeInLeft\" data-wow-delay=\"0\">\n\t\n<div class=\"photoset-grid with-lightbox\"\n     data-layout=\"21\">\n\n\t\n\t\t\t\t<img decoding=\"async\" src=\"\/\/www.dentiste-belotti.ch\/wp-content\/uploads\/2020\/10\/morges5-1.jpg\" alt=\"\"\/>\n\n\t\n\t\t\t\t<img decoding=\"async\" src=\"\/\/www.dentiste-belotti.ch\/wp-content\/uploads\/2020\/10\/morges3-2.jpg\" alt=\"\"\/>\n\n\t\n\t\t\t\t<img decoding=\"async\" src=\"\/\/www.dentiste-belotti.ch\/wp-content\/uploads\/2020\/10\/morges4-1.jpg\" alt=\"\"\/>\n\n\t\n<\/div><\/div>\n<div class=\"fw-col-xs-12 fw-col-sm-6 wow fadeInRight\" data-wow-delay=\"0\">\n\t<div class=\"fw-heading fw-heading-h1 \">\n\t\t<h1 class='fw-special-title'>Bienvenue sur le site<br>du cabinet dentaire<br>Y. Belotti<\/h1>\t<\/div><p>Situ\u00e9 au coeur de la charmante ville de Morges, \u00e0 50m de la gare, le cabinet dentaire du Dr. Belotti vous accueille sur rendez-vous du lundi au vendredi.<\/p><p>Yuri Belotti a obtenu son dipl\u00f4me de m\u00e9decin-dentiste en 1996 \u00e0 l\u2019\u00e9cole de m\u00e9decine dentaire de Gen\u00e8ve.\u00a0<\/p><p>Fribourgeois d\u2019origine o\u00f9 il a travaill\u00e9 comme assistant aupr\u00e8s de deux cabinets dentaires en ville de Fribourg, il s\u2019est install\u00e9 \u00e0 Morges en janvier 2010 suite \u00e0 la reprise du cabinet dentaire du Dr. MEILLAUD Bernard parti \u00e0 la retraite.\u00a0<\/p><p>&nbsp;<\/p>\n<a href=\"#consultation\"\n   target=\"_self\"\n   class=\"btn btn-lg btn-primary\"\n   data-action=\"scroll\">\n\t<span>Prendre rendez-vous<\/span>\n<\/a><\/div>\n<\/div>\n\n\t<\/div>\n\n<\/section><section id=\"doctors\" class=\"fw-main-row scrollspy custom-padding\"\n\tstyle=\"background-color:#f7f7f7;padding:100px 0;\"\tdata-wow-delay=\"0\"\t>\n\n\t<div class=\"container wow fadeInRight\">\n\t\t<div class=\"fw-row\">\n\t<div class=\"fw-col-xs-12 \" data-wow-delay=\"0\">\n\t<div class=\"fw-heading fw-heading-h1 fw-heading-center\">\n\t\t<h1 class='fw-special-title'><i>faites connaissance avec<\/i> notre staff<\/h1>\t<\/div><\/div>\n<\/div>\n\n<div class=\"fw-row\">\n\t<div class=\"fw-col-xs-12 \" data-wow-delay=\"0\">\n\t<p class=\"text-muted\" style=\"text-align: center; font-style: italic;\">Une \u00e9quipe de 4 personnes, motiv\u00e9e pour vous apporter le sourire !<\/p><\/div>\n<\/div>\n\n<div class=\"fw-row\">\n\t<div class=\"fw-col-xs-12 \" data-wow-delay=\"0\">\n\t<div class=\"staff-block big-buttons black-dots\">\n\t<article class=\"member\">\n\n\t\t<div class=\"image-wrap\">\n\t\t\t\t\t\t<a href=\"dentist_popup_open\" class=\"read-more\"><span>\n\t\t\t\t<i class=\"fa fa-info\"><\/i>\n\t\t\t\tRead more\t\t\t<\/span><\/a>\n\t\t\t\t\t\t<div class=\"helper\"><\/div>\n\t\t\t<div class=\"image\" style=\"background-image: url('\/\/www.dentiste-belotti.ch\/wp-content\/uploads\/2015\/07\/Yuri.jpeg')\"><\/div>\n\t\t<\/div>\n\n\t\t\t\t\t<div class=\"staff-popup row zoom-anim-dialog mfp-hide\">\n\t\t\t\t<div class=\"col-xs-12 col-sm-5 image\">\n\t\t\t\t\t<img decoding=\"async\" src=\"\/\/www.dentiste-belotti.ch\/wp-content\/uploads\/2015\/07\/Yuri.jpeg\" alt=\"Yuri Belotti\"\/>\n\t\t\t\t<\/div>\n\n\t\t\t\t<div class=\"col-xs-12 col-sm-7 text\">\n\t\t\t\t\t<h1 class=\"name\">Yuri Belotti<\/h1>\n\t\t\t\t\t<p>Yuri Belotti a obtenu son dipl\u00f4me de m\u00e9decin-dentiste en 1996 \u00e0 l\u2019\u00e9cole de m\u00e9decine dentaire de Gen\u00e8ve.<\/p><p>Fribourgeois d\u2019origine o\u00f9 il a travaill\u00e9 comme assistant aupr\u00e8s de deux cabinets dentaires en ville de Fribourg, il s\u2019est install\u00e9 \u00e0 Morges en janvier 2010 suite \u00e0 la reprise du cabinet dentaire du Dr. MEILLAUD Bernard parti \u00e0 la retraite.<\/p><p>&nbsp;<\/p>\t\t\t\t\t<p><a href=\"#\" class=\"close-popup\">Close<\/a><\/p>\n\t\t\t\t<\/div>\n\t\t\t<\/div>\n\t\t\n\t\t<h1 class=\"name\">Yuri Belotti<\/h1>\n\n\t\t\t\t\t<div class=\"job-title\">M\u00e9decin dentiste<\/div>\n\t\t\n\t\t\t<\/article>\n\n<\/div><\/div>\n<\/div>\n\n\t<\/div>\n\n<\/section><section id=\"service\" class=\"fw-main-row scrollspy custom-padding\"\n\tstyle=\"background-color:#f6f6f6;padding:100px 0;\"\tdata-wow-delay=\"0\"\t>\n\n\t<div class=\"container wow fadeInLeft\">\n\t\t<div class=\"fw-row\">\n\t<div class=\"fw-col-xs-12 \" data-wow-delay=\"0\">\n\t<div class=\"fw-heading fw-heading-h1 fw-heading-center\">\n\t\t<h1 class='fw-special-title'><i>Nos services<\/i><\/h1>\t<\/div><\/div>\n<\/div>\n\n<div class=\"fw-row\">\n\t<div class=\"fw-col-xs-12 \" data-wow-delay=\"0\">\n\t<div class=\"features-block block-grid-xs-1 block-grid-sm-3\">\n\t<article class=\"item\"><div class=\"content\">\n\t\t\t\t<div class=\"helper\"><\/div>\n\n\t\t<div class=\"content-inner\">\n\t\t\t<i class=\"icon fa fa-medkit\"><\/i>\n\t\t\t<h1 class=\"title\">disponibilit\u00e9<\/h1>\n\t\t<\/div>\n\n\t\t<span class=\"number\">1<\/span>\n\t<\/div><\/article>\n\n\n\t<article class=\"item\"><div class=\"content\">\n\t\t\t\t<div class=\"helper\"><\/div>\n\n\t\t<div class=\"content-inner\">\n\t\t\t<i class=\"icon flaticon-tooth19\"><\/i>\n\t\t\t<h1 class=\"title\">exp\u00e9rience<\/h1>\n\t\t<\/div>\n\n\t\t<span class=\"number\">2<\/span>\n\t<\/div><\/article>\n\n\n\t<article class=\"item\"><div class=\"content\">\n\t\t\t\t<div class=\"helper\"><\/div>\n\n\t\t<div class=\"content-inner\">\n\t\t\t<i class=\"icon fa fa-thumbs-o-up\"><\/i>\n\t\t\t<h1 class=\"title\">qualit\u00e9 des soins<\/h1>\n\t\t<\/div>\n\n\t\t<span class=\"number\">3<\/span>\n\t<\/div><\/article>\n\n\n\t<article class=\"item\"><div class=\"content\">\n\t\t\t\t<div class=\"helper\"><\/div>\n\n\t\t<div class=\"content-inner\">\n\t\t\t<i class=\"icon fa fa-car\"><\/i>\n\t\t\t<h1 class=\"title\">3 places de parc<\/h1>\n\t\t<\/div>\n\n\t\t<span class=\"number\">4<\/span>\n\t<\/div><\/article>\n\n\n\t<article class=\"item\"><div class=\"content\">\n\t\t\t\t<div class=\"helper\"><\/div>\n\n\t\t<div class=\"content-inner\">\n\t\t\t<i class=\"icon fa fa-map-marker\"><\/i>\n\t\t\t<h1 class=\"title\">proximit\u00e9 de la gare (50m)<\/h1>\n\t\t<\/div>\n\n\t\t<span class=\"number\">5<\/span>\n\t<\/div><\/article>\n\n\n\t<article class=\"item\"><div class=\"content\">\n\t\t\t\t<div class=\"helper\"><\/div>\n\n\t\t<div class=\"content-inner\">\n\t\t\t<i class=\"icon fa fa-money\"><\/i>\n\t\t\t<h1 class=\"title\">1.10.- le point<\/h1>\n\t\t<\/div>\n\n\t\t<span class=\"number\">6<\/span>\n\t<\/div><\/article>\n\n<\/div><\/div>\n<\/div>\n\n\t<\/div>\n\n<\/section><section id=\"consultation\" class=\"fw-main-row scrollspy custom-padding custom-text-color bg-image\"\n\tstyle=\"background-color:#4c86b7;background-image:url(http:\/\/www.dentiste-belotti.ch\/wp-content\/uploads\/2015\/06\/pattern.jpg);color:#ffffff;padding:100px 0;\"\tdata-wow-delay=\"0\"\t data-stellar-background-ratio=\"0.1\">\n\n\t<div class=\"container wow fadeInUp\">\n\t\t<div class=\"fw-row\">\n\t<div class=\"fw-col-xs-12 \" data-wow-delay=\"0\">\n\t<div class=\"fw-heading fw-heading-h1 fw-heading-center\">\n\t\t<h1 class='fw-special-title'><i>Prenez rendez-vous<\/i> <br><br>par t\u00e9l\u00e9phone au 021\/801.99.04 <br>ou avec le formulaire ci-dessous  <\/h1>\t<\/div><\/div>\n<\/div>\n\n<div class=\"fw-row\">\n\t<div class=\"fw-col-xs-12 \" data-wow-delay=\"0\">\n\t<div class=\"form-boxed\" style=\"max-width: 650px; background-color: #f6f6f6\">\n<div class=\"wpcf7 no-js\" id=\"wpcf7-f326-o1\" lang=\"en-US\" dir=\"ltr\" data-wpcf7-id=\"326\">\n<div class=\"screen-reader-response\"><p role=\"status\" aria-live=\"polite\" aria-atomic=\"true\"><\/p> <ul><\/ul><\/div>\n<form action=\"\/index.php?rest_route=%2Fwp%2Fv2%2Fpages%2F6#wpcf7-f326-o1\" method=\"post\" class=\"wpcf7-form init\" aria-label=\"Contact form\" novalidate=\"novalidate\" data-status=\"init\">\n<fieldset class=\"hidden-fields-container\"><input type=\"hidden\" name=\"_wpcf7\" value=\"326\" \/><input type=\"hidden\" name=\"_wpcf7_version\" value=\"6.1.4\" \/><input type=\"hidden\" name=\"_wpcf7_locale\" value=\"en_US\" \/><input type=\"hidden\" name=\"_wpcf7_unit_tag\" value=\"wpcf7-f326-o1\" \/><input type=\"hidden\" name=\"_wpcf7_container_post\" value=\"0\" \/><input type=\"hidden\" name=\"_wpcf7_posted_data_hash\" value=\"\" \/>\n<\/fieldset>\n<div class=\"fw-row\">\n\t\n<div class=\"fw-col-xs-12 fw-col-sm-6 \" >\n\t<div class=\"form-group user-name\"><label class=\"\">Nom &amp; pr\u00e9nom <span class=\"required\">*<\/span><\/label><input class=\"wpcf7-form-control wpcf7-text wpcf7-validates-as-required form-control\" name=\"user-name\" type=\"text\" value=\"\" aria-invalid=\"false\" aria-required=\"true\" required><\/div><\/div>\n\n<div class=\"fw-col-xs-12 fw-col-sm-6 \" >\n\t<div class=\"form-group user-telephone\"><label class=\"\">Num\u00e9ro de t\u00e9l\u00e9phone <span class=\"required\">*<\/span><\/label><input class=\"wpcf7-form-control wpcf7-tel wpcf7-validates-as-required wpcf7-text wpcf7-validates-as-tel form-control\" name=\"user-telephone\" type=\"tel\" value=\"\" aria-invalid=\"false\" aria-required=\"true\" required><\/div><\/div>\n\n<\/div>\n\n\n\n<div class=\"fw-row\">\n\t\n<div class=\"fw-col-xs-12 fw-col-sm-6 \" >\n\t<div class=\"form-group user-email\"><label class=\"\">Votre adresse email <span class=\"required\">*<\/span><\/label><input class=\"wpcf7-form-control wpcf7-email wpcf7-validates-as-required wpcf7-text wpcf7-validates-as-email form-control\" name=\"user-email\" type=\"email\" value=\"\" aria-invalid=\"false\" aria-required=\"true\" required><\/div><\/div>\n\n<div class=\"fw-col-xs-12 fw-col-sm-6 \" >\n\t<div class=\"form-group visit-time\"><label class=\"\">Date et heure pour vous contacter<\/label><input class=\"wpcf7-form-control wpcf7-text form-control\" name=\"visit-time\" type=\"text\" value=\"\" aria-invalid=\"false\"><\/div><\/div>\n\n<\/div>\n\n\n\n<div class=\"fw-row\">\n\t<div class=\"fw-col-xs-12 \" >\n\t\n<div class=\"form-group message\"><label class=\"\">Quel est le motif de votre consultation ? <span class=\"required\">*<\/span><\/label><textarea class=\"wpcf7-form-control wpcf7-textarea wpcf7-validates-as-required form-control\" name=\"message\" rows=\"4\" aria-invalid=\"false\" aria-required=\"true\" required><\/textarea><\/div>\n<\/div>\n<\/div>\n\n\n<div class=\"fw-row\">\n\t\n<div class=\"fw-col-xs-12 fw-col-sm-6 \" >\n\tJour pr\u00e9f\u00e9r\u00e9 pour votre rendez-vous ?*<div class=\"form-group wpcf7-form-control wpcf7-checkbox wpcf7-validates-as-required jourchoix\"><div class=\"checkbox\"><label ><input name=\"jourchoix&#091;&#093;\" type=\"checkbox\" value=\"lundi\" aria-invalid=\"false\" aria-required=\"true\" required>lundi<\/label><\/div><div class=\"checkbox\"><label ><input name=\"jourchoix&#091;&#093;\" type=\"checkbox\" value=\"mardi\" aria-invalid=\"false\" aria-required=\"true\" required>mardi<\/label><\/div><div class=\"checkbox\"><label ><input name=\"jourchoix&#091;&#093;\" type=\"checkbox\" value=\"mercredi\" aria-invalid=\"false\" aria-required=\"true\" required>mercredi<\/label><\/div><div class=\"checkbox\"><label ><input name=\"jourchoix&#091;&#093;\" type=\"checkbox\" value=\"jeudi\" aria-invalid=\"false\" aria-required=\"true\" required>jeudi<\/label><\/div><div class=\"checkbox\"><label ><input name=\"jourchoix&#091;&#093;\" type=\"checkbox\" value=\"vendredi\" aria-invalid=\"false\" aria-required=\"true\" required>vendredi<\/label><\/div><\/div><\/div>\n\n<div class=\"fw-col-xs-12 fw-col-sm-6 \" >\n\tP\u00e9riode pr\u00e9f\u00e9r\u00e9e ?*<div class=\"form-group wpcf7-form-control wpcf7-checkbox wpcf7-validates-as-required matinousoir\"><div class=\"checkbox\"><label ><input name=\"matinousoir&#091;&#093;\" type=\"checkbox\" value=\"matin\" aria-invalid=\"false\" aria-required=\"true\" required>matin<\/label><\/div><div class=\"checkbox\"><label ><input name=\"matinousoir&#091;&#093;\" type=\"checkbox\" value=\"apr\u00e8s-midi\" aria-invalid=\"false\" aria-required=\"true\" required>apr\u00e8s-midi<\/label><\/div><\/div><\/div>\n\n<\/div>\n\n\n\n<div class=\"fw-row\">\n\t<div class=\"fw-col-xs-12 \" >\n\tEtes-vous d\u00e9j\u00e0 patient au cabinet Belotti ?*<div class=\"form-group wpcf7-form-control wpcf7-checkbox wpcf7-validates-as-required djpatient\"><div class=\"checkbox\"><label ><input name=\"djpatient&#091;&#093;\" type=\"checkbox\" value=\"oui\" aria-invalid=\"false\" aria-required=\"true\" required>oui<\/label><\/div><div class=\"checkbox\"><label ><input name=\"djpatient&#091;&#093;\" type=\"checkbox\" value=\"non\" aria-invalid=\"false\" aria-required=\"true\" required>non<\/label><\/div><\/div><\/div>\n\n<\/div>\n\n\n\n<div class=\"text-center\"><div class=\"form-group\"><div><input class=\"wpcf7-form-control wpcf7-submit btn-long btn btn-primary\" type=\"submit\" value=\"envoyer\"><\/div><\/div><\/div><input type=\"hidden\" id=\"ct_checkjs_cf7_9c838d2e45b2ad1094d42f4ef36764f6\" name=\"ct_checkjs_cf7\" value=\"0\" \/><script >setTimeout(function(){var ct_input_name = \"ct_checkjs_cf7_9c838d2e45b2ad1094d42f4ef36764f6\";if (document.getElementById(ct_input_name) !== null) {var ct_input_value = document.getElementById(ct_input_name).value;document.getElementById(ct_input_name).value = document.getElementById(ct_input_name).value.replace(ct_input_value, '1897970751');}}, 1000);<\/script><input\n                    class=\"apbct_special_field apbct_email_id__wp_contact_form_7\"\n                    name=\"apbct__email_id__wp_contact_form_7\"\n                    aria-label=\"apbct__label_id__wp_contact_form_7\"\n                    type=\"text\" size=\"30\" maxlength=\"200\" autocomplete=\"off\"\n                    value=\"\"\n                \/><div class=\"wpcf7-response-output alert alert-warning\"><\/div>\n<\/form>\n<\/div>\n<\/div><\/div>\n<\/div>\n\n\t<\/div>\n\n<\/section><section id=\"contact\" class=\"fw-main-row scrollspy custom-padding\"\n\tstyle=\"background-color:#f7f7f7;padding:100px 0;\"\tdata-wow-delay=\"0\"\t>\n\n\t<div class=\"container wow fadeInRight\">\n\t\t<div class=\"fw-row\">\n\t<div class=\"fw-col-xs-12 \" data-wow-delay=\"0\">\n\t<div class=\"fw-heading fw-heading-h1 fw-heading-center\">\n\t\t<h1 class='fw-special-title'><i>Contactez nous<\/i><\/h1>\t<\/div><\/div>\n<\/div>\n\n<div class=\"fw-row\">\n\t<div class=\"fw-col-xs-12 \" data-wow-delay=\"0\">\n\tDefine icons in widget settings<\/div>\n<\/div>\n\n\t<\/div>\n\n<\/section><section id=\"plan\" class=\"fw-main-row scrollspy \"\n\t\tdata-wow-delay=\"0\"\t>\n\n\t<div class=\"container-fluid \">\n\t\t<div class=\"fw-row\">\n\t<div class=\"fw-col-xs-12 \" data-wow-delay=\"0\">\n\t<div class=\"fw-map\" data-locations=\"[{&quot;title&quot;:&quot;cabinet dentaire Yuri Belotti&quot;,&quot;url&quot;:&quot;&quot;,&quot;thumb&quot;:false,&quot;coordinates&quot;:{&quot;lat&quot;:46.5116782,&quot;lng&quot;:6.4923568},&quot;description&quot;:&quot;&quot;}]\" data-map-type=\"ROADMAP\" data-map-height=\"250\" data-gmap-key=\"AIzaSyDgNGMIGoYMg4ZwuH6Om6OKcgijRp3kuB0\" data-disable-scrolling=\"\" >\n\t<div class=\"fw-map-canvas\"><\/div>\n<\/div><\/div>\n<\/div>\n\n\t<\/div>\n\n<\/section><\/p>\n","protected":false},"excerpt":{"rendered":"","protected":false},"author":1,"featured_media":0,"parent":0,"menu_order":0,"comment_status":"open","ping_status":"open","template":"","meta":{"footnotes":""},"class_list":["post-6","page","type-page","status-publish","hentry"],"brizy_media":[],"_links":{"self":[{"href":"https:\/\/www.dentiste-belotti.ch\/index.php?rest_route=\/wp\/v2\/pages\/6","targetHints":{"allow":["GET"]}}],"collection":[{"href":"https:\/\/www.dentiste-belotti.ch\/index.php?rest_route=\/wp\/v2\/pages"}],"about":[{"href":"https:\/\/www.dentiste-belotti.ch\/index.php?rest_route=\/wp\/v2\/types\/page"}],"author":[{"embeddable":true,"href":"https:\/\/www.dentiste-belotti.ch\/index.php?rest_route=\/wp\/v2\/users\/1"}],"replies":[{"embeddable":true,"href":"https:\/\/www.dentiste-belotti.ch\/index.php?rest_route=%2Fwp%2Fv2%2Fcomments&post=6"}],"version-history":[{"count":85,"href":"https:\/\/www.dentiste-belotti.ch\/index.php?rest_route=\/wp\/v2\/pages\/6\/revisions"}],"predecessor-version":[{"id":638,"href":"https:\/\/www.dentiste-belotti.ch\/index.php?rest_route=\/wp\/v2\/pages\/6\/revisions\/638"}],"wp:attachment":[{"href":"https:\/\/www.dentiste-belotti.ch\/index.php?rest_route=%2Fwp%2Fv2%2Fmedia&parent=6"}],"curies":[{"name":"wp","href":"https:\/\/api.w.org\/{rel}","templated":true}]}}